5*s - 4 = s. Let b(l) = -1 - 3*l - 4*l + l. Calculate b(s).
-7
Let k(m) = -m**2 + 8*m + 10. Let p be k(9). Let o(u) = -u + 1. Determine o(p).
0
Let d(j) be the first derivative of -j**4/2 + j**3/3 - j**2/2 - 4. Determine d(1).
-2
Let b(g) be the third derivative of -g**6/120 - g**5/10 + 7*g**4/24 - 7*g**3/6 + 10*g**2. Give b(-7).
-7
Let v(i) be the third derivative of i**5/60 + i**4/6 - i**3/3 + 2*i**2. Let t be ((-4)/(-6))/(18/(-135)). Give v(t).
3
Let i(h) = 4*h**3 + 5 - h**3 - 4*h**2 - 2*h**3 - 2*h - 9. Determine i(5).
11
Let v(q) = 11*q - 5*q - 7 - 4*q. Give v(7).
7
Let l = 5 - 9. Let z(d) = -d - 2. Let c(b) = 1. Let s(q) = l*z(q) - 11*c(q). What is s(4)?
13
Let b(x) = -x**3 - 12*x**2 - 35*x + 4. Let q be b(-7). Let f(c) be the third derivative of -c**2 + 0 + 1/60*c**5 - 1/8*c**4 - 2/3*c**3 + 0*c. What is f(q)?
0
Let j be 12/(-36) + 32/6. Let u(k) = 5*k + 8. Let q(d) = 2*d + 3. Let o(s) = 8*q(s) - 3*u(s). What is o(j)?
5
Let p(u) = -u**2 - 3*u - 6 + u - 5*u. Let f = -34 - -40. Let i be (f - 16)*(-3)/(-6). Determine p(i).
4
Let b(v) be the third derivative of 2*v**5/15 + v**4/24 + v**3/6 + 2*v**2. Let u be (-2)/(-5) + 138/30. Suppose -5*i - u = -3*m, i - 2*m - 1 = -2. What is b(i)?
8
Let u(l) be the second derivative of -l**3/6 + 3*l**2 - 2*l. Let m(w) = 2*w - 4. Let s be m(-3). Let i = -5 - s. Calculate u(i).
1
Let k(t) be the first derivative of -2*t - 1/3*t**3 - 1 + 2*t**2. Give k(4).
-2
Let q(d) = 2*d - 3*d - 2*d + 4*d. Let c(k) = 4*k - 11. Let m(s) = c(s) - 5*q(s). Calculate m(0).
-11
Let l(g) = -g**3 + g**2 - 2*g + 2. Let n = -6 - -8. Determine l(n).
-6
Let m(c) be the first derivative of 0*c + 1/3*c**3 - 4 + 3/2*c**2. Give m(-4).
4
Let s(m) = 3*m - 1. Let y = 16 - 13. Determine s(y).
8
Let r(n) = n**3 - 4*n**2 + 5*n - 4. Suppose 0 = 4*p - 4. Suppose -p = -v - 3. Let a = v + 5. Determine r(a).
2
Let q(c) = -c**3 + 3*c**2 - c + 2. Let k(x) = -x**2 - 3*x**3 - x + 3 + 5*x**3 + 3*x**2 - 3*x**3. Let s(g) = -4*k(g) + 3*q(g). Give s(0).
-6
Let b(r) = -r**2 + 7*r - 8. Suppose 11*s = 5 + 61. Determine b(s).
-2
Let o = 7 + -9. Let u(z) = -19*z + 9. Let y(i) = 9*i - 4. Let c(f) = -6*f - 1. Let h be c(2). Let p(l) = h*y(l) - 6*u(l). Determine p(o).
4
Suppose 4*x + 19 = 5*h, -4*h + 4*x = -2*h - 10. Let y(v) = -v**3 + 3*v**2 - v + 4. Determine y(h).
1
Let u(z) be the third derivative of z**6/120 + z**5/10 - z**4/24 - 7*z**3/6 - 7*z**2. Give u(-6).
-1
Let i(w) be the first derivative of -w**3/3 + 2*w**2 - 3*w - 9. Determine i(2).
1
Let q(y) = y**2 + 4*y + 5. Suppose -13*l - 12 = -11*l. Calculate q(l).
17
Let g be (-22)/6 + 2/3. Let d = -6 - g. Let f(t) = -t - 4. Let c be f(d). Let r(x) = 2*x**3 + x**2 + 2*x + 1. Give r(c).
-2
Let l(h) = -6*h + 3*h**3 + 2*h + 3 - h**2 - 2*h**3. Let d be 4*(-3)/(-24)*4. Give l(d).
-1
Let u(h) = -2*h - 3. Let b be 8*(-2 + 12/8). Determine u(b).
5
Let k(z) = -z**3 - z**2 + 2*z. Let x be 2*-1 + 28/7. Suppose 8*d = 9*d + x. What is k(d)?
0
Suppose 2*d - 7*d - 15 = -5*t, -2*t = 3*d + 19. Let h be (5/10)/(t/16). Let f(l) = -l**3 - 5*l**2 - 3*l - 3. What is f(h)?
-7
Let t(c) be the third derivative of -c**5/60 + 5*c**4/24 + 7*c**3/6 + c**2. What is t(5)?
7
Let c(w) = w**3 - 3*w**2 - 2*w + 1. Suppose 0 = -2*o - o. Suppose 2*g = d + 3*d, 3*d + 2*g + 14 = o. Calculate c(d).
-15
Suppose -1 = -7*p + 27. Let t(s) = -2*s + 4. Let d(v) = -3*v + 6. Let u(j) = 5*d(j) - 8*t(j). Determine u(p).
2
Let s(j) = 2*j - 1. Let u(k) = -2*k**2 + 18*k + 4. Let y be u(9). Give s(y).
7
Let k(n) = n**2 - 5*n + 4. Suppose -6 = -2*h + v, -3*v - 9 = -3*h - 2*v. Calculate k(h).
-2
Let k(d) = -d**3 - d**2 - d + 1. Let a(u) = 4*u**3 + 9*u**2 + 6*u - 6. Let v(z) = a(z) + 3*k(z). What is v(-5)?
7
Let t(d) = d + 6. Let i(l) = l + 7. Let s(y) = -5*i(y) + 6*t(y). Let v be s(0). Suppose 3*w = -13 + v. Let j(h) = -h. Calculate j(w).
4
Let a(s) = -s + 0 + 8*s**2 + 4 - 5. Let n(o) = o + 8. Let b be n(-9). Give a(b).
8
Let s(n) = -12*n - 2. Let g(y) = 13*y + 3. Let h(f) = -5*g(f) - 6*s(f). Let t(w) = 4*w - 2. Let a be (-1)/1 + 7*1. Let q(r) = a*h(r) - 11*t(r). Calculate q(3).
-2
Let a(t) = t - 1. Let k(b) = -1. Let g(x) = 2*x - 5. Let w(d) = g(d) - 6*k(d). Let j(f) = -4*a(f) + w(f). Determine j(6).
-7
Let r(h) = -2 + 1 - 4*h + 2 + 14*h. Let a = 4 + 0. Let c be (-1)/2*8/a. Determine r(c).
-9
Let w be (-16)/(-10) - 2/(-5). Let l(c) = -4*c + 0*c + 6*c - 2*c**w. Let u = -3 + 5. What is l(u)?
-4
Let q(n) = -4*n - 5*n**2 + 3*n**2 - 8 + 6. What is q(-2)?
-2
Let k(j) = j**3 + 11*j**2 - 5*j + 5. Let w(p) = p**3 + 10*p**2 - 5*p + 4. Let h(v) = 5*k(v) - 6*w(v). What is h(-6)?
7
Let m(g) = 4*g - 5. Let t(z) = 8*z - 9. Let b(f) = 11*m(f) - 6*t(f). Determine b(-4).
15
Let o(p) be the first derivative of 0*p**2 - 4/3*p**3 - 1/60*p**5 + 0*p + 2 - 1/12*p**4. Let n(v) be the third derivative of o(v). Determine n(4).
-10
Let p(s) be the third derivative of s**5/60 - s**4/12 - s**3/2 + 12*s**2. Suppose -4 = f, -4*n - 4*f = 59 - 23. Let q = n - -9. Determine p(q).
5
Let u(s) = s**3 - 13*s**2 - 16*s + 32. Let i be u(14). Let l(n) = 2*n - 2. Give l(i).
6
Let q = 6 + -1. Suppose -2*p - 4*z + 8 = 0, -q*p + p - 2*z = -10. Let b(o) = 1 - 2*o - o**2 - p*o**2 + 0*o**2 - 2. Give b(-1).
-2
Let n(d) = -d**2 - 6*d + 6. Suppose -m + 0*m = 6. Let x be n(m). Let s(o) = x - 4*o + o**2 + 0*o**2 - 3. Give s(3).
0
Let d(o) = 5*o**2 - 2*o - 11. Let u(q) = 4*q**2 - q - 10. Let y(h) = 5*d(h) - 6*u(h). Let c(v) = 2*v + 1. Let l be c(-2). Let m = l - -7. Determine y(m).
5
Let m(o) = 5*o**3 - o**2 + o + 1. Suppose -14 = -2*b + 8. Let w = b + -12. Determine m(w).
-6
Let v(l) = 2*l**2 - 2*l - 2. Let m be v(2). Let o(i) = -2 + m*i - i + 3. Suppose a = -a. Determine o(a).
1
Let a be 7 + -3 - (-1 - -1). Let x(n) = -n**2 + 7*n - 5. Give x(a).
7
Let a(t) be the first derivative of -t**6/45 + t**4/24 + t**3/3 + 5. Let x(u) be the third derivative of a(u). Determine x(1).
-7
Let u = -13 + 18. Let j(t) = -3*t**2 + u + t - 5. Give j(1).
-2
Let d(g) = g - 5. Let a = -2 + 2. Suppose 2*p = -a*p. What is d(p)?
-5
Suppose -2*l = -w - 0 + 24, -2*w + 5*l = -47. Let q(h) = 0 - 24*h + w*h + 1 - 2*h**2. Give q(2).
-3
Let l = -1 + 3. Let n(c) = c + 0*c**2 - 1 - l*c**2 + 2*c. What is n(2)?
-3
Let i(m) be the first derivative of m**4/4 + 2*m**3 + m**2/2 + 2*m + 1. Let k be 3 - (180/(-10))/(-2 + 0). What is i(k)?
-4
Let d(v) be the third derivative of v**4/12 + 2*v**3/3 + v**2. Let i = 4 - 9. Calculate d(i).
-6
Let v(j) = 2*j - 6. Let m be v(5). Let s = m + -3. Let b(o) be the first derivative of -8*o**3/3 + o**2/2 + 2. What is b(s)?
-7
Suppose 0 = -3*g - 0*g - 3. Let c(t) = -4*t**2 + 2*t + 1. Calculate c(g).
-5
Let h(x) be the second derivative of x**5/20 - x**4/12 - x**3/3 + x**2 - 2*x. What is h(2)?
2
Let h(x) be the first derivative of -2*x + 1/3*x**3 + 4 - 5/2*x**2. Calculate h(6).
4
Let m(a) be the second derivative of 2*a + 1/2*a**2 + 1/3*a**3 + 0. Suppose 5*v - 20 = -5*z, -5*z - v = -14 + 6. What is m(z)?
3
Let q(v) = 2*v**3 + 6*v**2 + 9*v - 6. Let h(s) = s**3 + 3*s**2 + 4*s - 3. Let n(t) = -9*h(t) + 4*q(t). Determine n(-3).
3
Let z(y) = y**3 - y + 180*y**2 - 9 - 180*y**2. Calculate z(0).
-9
Suppose -3*h + 20 = 5*s, 2*s = 1 + 7. Let l(c) be the third derivative of -1/15*c**5 + 1/120*c**6 + 2/3*c**3 + h - 5/24*c**4 - 3*c**2 + 0*c. What is l(5)?
4
Let x(o) be the second derivative of o**5/20 + o**4/12 - 5*o**2/2 + 2*o. Let r(v) = -v - 3. Let m be r(-3). Give x(m).
-5
Let f(l) = -l + 1. Let r be (-70)/(-9) - (-2)/9. Let h = 38 + -35. Let p = h - r. Determine f(p).
6
Let f(i) = -2*i - 3. Let u be 0 + 1 + 0/(-2). Suppose -6 + u = -x. Suppose n - 12 = 5*s, -x*s + 10 = n + 28. Calculate f(n).
3
Let y = -6 + 6. Let u be 1*(y/3)/2. Suppose 0 = -3*p + i - 18, 5*p + 7*i - 3*i + 13 = u. Let m(d) = d**2 + 5*d + 7. What is m(p)?
7
Let o = -1 + 4. Let s(f) = 7*f**2 - 15*f. Let c(g) = -4*g**2 + 8*g. Let b(z) = -5*c(z) - 3*s(z). Determine b(o).
6
Let s(y) = -y + 8. Let x be s(0). Suppose d = m - d + x, d + 23 = -4*m. Let t be (-5)/15 - 32/m. Let o(l) = l**2 - 6*l + 2. Calculate o(t).
-3
Let k(o) = o - 6. Let v be 0/(0 + (-6)/(-2)). Calculate k(v).
-6
Let c(f) = 3*f. Let k(b) = -2*b + 1 + b - 2*b. Let o(r) = -4*c(r) - 3*k(r). Calculate o(-4).
9
Let b(n) = n - 9. Suppose -5*q - 65 = -3*a - 2*a, 4*a - 22 = -2*q. Let t be b(a). Let x(k) = 2*k